001111
In base 2, what is -1010111001101010 + 11010010101?
-1010011111010101
In base 14, what is -36b3751 - -7?
-36b3748
In base 7, what is 0 - -1126624014?
1126624014
In base 8, what is -42404301 - 1?
-42404302
In base 14, what is -1b3a3c - 0?
-1b3a3c
In base 9, what is -1557 - -135154?
133486
In base 12, what is -502 - -140b10?
14060a
In base 12, what is 1878 + -4232?
-2576
In base 12, what is -2a91 + -471?
-3342
In base 3, what is 2000 + 22110111?
22112111
In base 6, what is 1410031 + -2143?
1403444
In base 16, what is -19c + -164f?
-17eb
In base 8, what is -43640574 - -1?
-43640573
In base 9, what is 2 + 10061072?
10061074
In base 14, what is -6 - -5b7b243?
5b7b23b
In base 14, what is -d5 + 4c7c63?
4c7b6c
In base 6, what is 13023202 + 13?
13023215
In base 16, what is 137 + -192796?
-19265f
In base 3, what is -11 - -10022212120022111?
10022212120022100
In base 3, what is -1200212000102 - 22221?
-1200212100100
In base 5, what is 1 + 10012322?
10012323
In base 10, what is -171 - -339781?
339610
In base 15, what is 2764 + d09?
356d
In base 9, what is 1823161 + 3?
1823164
In base 12, what is 7a2 + 1327?
1b09
In base 6, what is 21130 - -100230?
121400
In base 2, what is 101101101011100101111001 - -10?
101101101011100101111011
In base 16, what is -123a4 + -de9?
-1318d
In base 12, what is 5054 - 18601?
-13569
In base 13, what is 7 - -48a568?
48a572
In base 8, what is 7555 + -24575?
-15020
In base 8, what is -377466 - 1206?
-400674
In base 7, what is -1034 - 151013?
-152050
In base 14, what is 12535c2 + 8?
12535ca
In base 11, what is 1062464 - 289?
1062186
In base 14, what is cd0 - 11d58?
-11068
In base 10, what is -34 - 194951?
-194985
In base 11, what is -889 + 65398?
6460a
In base 5, what is 10 + 1011020400?
1011020410
In base 4, what is 11232 - 20211132?
-20133300
In base 6, what is 2535443022 + 1?
2535443023
In base 2, what is 1010110111000001110100001 - -101?
1010110111000001110100110
In base 15, what is -33c09 + 3?
-33c06
In base 12, what is -773ba + -b?
-77409
In base 3, what is -12102202 + 122102200?
102222221
In base 15, what is -23b95 + 83?
-23b12
In base 10, what is 4 - -4172416?
4172420
In base 2, what is -1001100010100010 - 1000000?
-1001100011100010
In base 2, what is 1 + -1110110010100000001111?
-1110110010100000001110
In base 7, what is -200634364 - 4?
-200634401
In base 15, what is -20764455 - 1?
-20764456
In base 13, what is 2528096 + -5?
2528091
In base 16, what is 7a5e + -171?
78ed
In base 10, what is -525773 + -6?
-525779
In base 16, what is 5201 - 7c3?
4a3e
In base 9, what is 62 + -34857?
-34785
In base 10, what is -2 - -4692088?
4692086
In base 12, what is 526b71 - -89?
52703a
In base 11, what is 428a69aa - -1?
428a6a00
In base 3, what is -10122100211 - -22021?
-10122001120
In base 2, what is 10010110111 - 1111100011111000110?
-1111100001100001111
In base 13, what is a909784 - -9?
a909790
In base 12, what is 343 + 112298?
11261b
In base 8, what is 21 + -71255540?
-71255517
In base 11, what is 1601286 - 1a?
1601267
In base 9, what is -237 - -1278560?
1278322
In base 5, what is 110013303 - 142?
110013111
In base 10, what is -23960 - -1404?
-22556
In base 6, what is 30035012312 + -3?
30035012305
In base 12, what is 5a3 + 455?
a38
In base 3, what is 11 - -1120010121202?
1120010121220
In base 6, what is 1 - 312034?
-312033
In base 13, what is -1ac9 - -2352?
556
In base 7, what is 11 + -2345353?
-2345342
In base 13, what is 278557 + 61?
2785b8
In base 7, what is 31 + 101564053?
101564114
In base 6, what is -44 - 131014341?
-131014425
In base 7, what is 13200006 + -432?
13166244
In base 6, what is 215332223 - 105?
215332114
In base 2, what is -110100010010010101111111 - 11?
-110100010010010110000010
In base 9, what is -241 - 532448?
-532700
In base 12, what is 5 + 8435689?
8435692
In base 15, what is 7 + 3ae8b5c?
3ae8b64
In base 3, what is -1000 - -2001100020022?
2001100012022
In base 3, what is 12 - 20222211121021121?
-20222211121021102
In base 2, what is 100010 + -110100111111011110011?
-110100111111011010001
In base 13, what is 34796 - -23?
347b9
In base 12, what is 389a8 + -1382?
37626
In base 6, what is 312140 - 34203?
233533
In base 4, what is -2211111011 - -310?
-2211110101
In base 8, what is -13 - 663007?
-663022
In base 12, what is -75a + 4112?
3574
In base 4, what is 11110222333 + 0?
11110222333
In base 13, what is -3 + 5bb16?
5bb13
In base 9, what is -281 - -433205?
432814
In base 16, what is a + -243d6cc?
-243d6c2
In base 6, what is 21533005 - 2140?
21530425
In base 7, what is 34520404 - -143?
34520550
In base 15, what is -1ee + 2548?
2349
In base 13, what is 23 - -1b4496?
1b44b9
In base 9, what is -3 - 6437347?
-6437351
In base 9, what is 4 - 541843?
-541838
In base 10, what is 21447 + -6847?
14600
In base 9, what is 267814 - 3?
267811
In base 3, what is -11 + -10211201220210?
-10211201220221
In base 5, what is -10 - 3443300021?
-3443300031
In base 5, what is -404434 - -42010?
-312424
In base 11, what is 313 - 108a6?
-10593
In base 12, what is -3757925 + 1?
-3757924
In base 4, what is 32220333130 + -22?
32220333102
In base 13, what is 756c4 - -3?
756c7
In base 7, what is 241 - 3613266?
-3613025
In base 10, what is -38025 - 31?
-38056
In base 10, what is -32 + -1562897?
-1562929
In base 9, what is -521650714 - 1?
-521650715
In base 12, what is 2751965 + 25?
275198a
In base 4, what is -102101 + 3222023?
3113322
In base 13, what is -9 - 3c79a?
-3c7a6
In base 10, what is -12777857 - 0?
-12777857
In base 7, what is -2145523 - 2?
-2145525
In base 16, what is 15 - 518c54?
-518c3f
In base 6, what is 355315 - -12343?
412102
In base 8, what is -4133236 + 44?
-4133172
In base 5, what is -244144440 - 30?
-244200020
In base 5, what is 423 - 232340?
-231412
In base 15, what is 5 - 13c0872?
-13c086c
In base 14, what is -2 - 7662607?
-7662609
In base 12, what is 9043bb7 - -1?
9043bb8
In base 4, what is 1003132220220 - -1?
1003132220221
In base 4, what is 1121020 + 20120?
1201200
In base 13, what is 63659 - -70?
636c9
In base 12, what is 3 + -751618b?
-7516188
In base 13, what is 47a6 + -9a4?
3b02
In base 4, what is 3323232211 - 3013?
3323223132
In base 3, what is -2 - 22200112012211200?
-22200112012211202
In base 4, what is 13200202 - -12211?
13213013
In base 16, what is 2bf6 + -a0?
2b56
In base 3, what is 101200102110101202 + 0?
101200102110101202
In base 8, what is 2637211 - -12?
2637223
In base 13, what is 21a9 - -207?
23b3
In base 4, what is -2 + -13021311202?
-13021311210
In base 10, what is 29008 + 15?
29023
In base 11, what is 2424 + -675?
185a
In base 14, what is -4 + -174c088?
-174c08c
In base 10, what is 8196 + 893?
9089
In base 2, what is -1100 - -1010101101011010010010?
1010101101011010000110
In base 2, what is -10100001010110100010001010 + 10?
-10100001010110100010001000
In base 3, what is 21112112 - -1100022?
22212211
In base 16, what is -15 - -fe3b?
fe26
In base 8, what is -6557 - 2742?
-11521
In base 11, what is 3480886 + 7?
3480892
In base 7, what is 2 + 22601330?
22601332
In base 3, what is -10 - 20010101110202?
-20010101110212
In base 5, what is -11430 - -3224014?
3212034
In base 2, what is 1100 - -1011110110011101011011?
1011110110011101100111
In base 7, what is 12560604 + -4?
12560600
In base 12, what is 3b - -64b738?
64b777
In base 12, what is 70 - -264079?
264129
In base 5, what is -42413 + -1240223?
-1333141
In base 4, what is 221023222 + -203?
221023013
In base 7, what is -22625630 - -20?
-22625610
In base 15, what is -12e - -14e43c?
14e30d
In base 2, what is 111111 + -1010111001000111111010?
-1010111001000110111011
In base 12, what is 572a5 + b8?
573a1
In base 3, what is 120 - -1011201111112222?
1011201111120112
In base 13, what is -14 + -62639?
-62650
In base 7, what is -104010 - -55?
-103622
In base 3, what is 10 + 21001001202110?
21001001202120
In base 7, what is -1652140341 - -1?
-1652140340
In base 9, what is -4 + -3564252?
-3564256
In base 13, what is 262c54a - 4?
262c546
In base 3, what is 1200 - -1102022210202?
1102022212102
In base 6, what is 12144414430 + 5?
12144414435
In base 11, what is -353923916 - 3?
-353923919
In base 3, what is -21121 - 10011011212?
-10011110110
In base 8, what is -72464 - -3573?
-66671
In base 2, what is 11000100011000111001011 - 100?
11000100011000111000111
In base 4, 